{"id":228,"date":"2017-03-10T09:12:38","date_gmt":"2017-03-10T09:12:38","guid":{"rendered":"http:\/\/prueba.desideriodelgado.com\/?page_id=228"},"modified":"2017-03-10T09:12:38","modified_gmt":"2017-03-10T09:12:38","slug":"ilustraciones","status":"publish","type":"page","link":"https:\/\/www.desideriodelgado.com\/index.php\/ilustraciones\/","title":{"rendered":"ilustraciones"},"content":{"rendered":"<p>C\u00f3rdoba en Am\u00e9rica 1992. Excma. Diputaci\u00f3n de C\u00f3rdoba.<\/p>\n<p>Monteluz. Novela de D. Manuel Pimentel.<\/p>\n<p>Cartel, XXXV Festival de Cante Grande. Puente Genil (C\u00f3rdoba).<\/p>\n<p>Cartel, XXXVI Festival de Cante Grande. Puente Genil (C\u00f3rdoba).<\/p>\n<p>Cartel, XXXVII Festival de Cante Grande. Puente Genil (C\u00f3rdoba).<\/p>\n<p>Cartel, XXXVIII Festival de Cante Grande. Puente Genil (C\u00f3rdoba).<\/p>\n<p>Cartel, XXXIX Festival de Cante Grande. Puente Genil (C\u00f3rdoba).<\/p>\n<p>Portada Revista Literaria \u00c1nfora Nova \u201cEl universo luminoso de Manuel Gahete\u201d.<\/p>\n<p>Cartel, XL Festival del Cante Grande. Puente Genil (C\u00f3rdoba).<\/p>\n","protected":false},"excerpt":{"rendered":"<p>C\u00f3rdoba en Am\u00e9rica 1992. Excma. Diputaci\u00f3n de C\u00f3rdoba. Monteluz. Novela de D. Manuel Pimentel. Cartel, XXXV Festival de Cante Grande. Puente Genil (C\u00f3rdoba). Cartel, XXXVI Festival de Cante Grande. Puente Genil (C\u00f3rdoba). Cartel, XXXVII Festival de Cante Grande. Puente Genil (C\u00f3rdoba). Cartel, XXXVIII Festival de Cante Grande. Puente Genil (C\u00f3rdoba). Cartel, XXXIX Festival de Cante &hellip; <\/p>\n<p class=\"link-more\"><a href=\"https:\/\/www.desideriodelgado.com\/index.php\/ilustraciones\/\" class=\"more-link\">Continuar leyendo<span class=\"screen-reader-text\"> \u00abilustraciones\u00bb<\/span><\/a><\/p>\n","protected":false},"author":1,"featured_media":0,"parent":0,"menu_order":0,"comment_status":"closed","ping_status":"closed","template":"","meta":[],"yoast_head":"<!-- This site is optimized with the Yoast SEO plugin v20.11 - https:\/\/yoast.com\/wordpress\/plugins\/seo\/ -->\n<title>ilustraciones - Desiderio Delgado<\/title>\n<meta name=\"robots\" content=\"index, follow, max-snippet:-1, max-image-preview:large, max-video-preview:-1\" \/>\n<link rel=\"canonical\" href=\"https:\/\/www.desideriodelgado.com\/index.php\/ilustraciones\/\" \/>\n<meta property=\"og:locale\" content=\"es_ES\" \/>\n<meta property=\"og:type\" content=\"article\" \/>\n<meta property=\"og:title\" content=\"ilustraciones - Desiderio Delgado\" \/>\n<meta property=\"og:description\" content=\"C\u00f3rdoba en Am\u00e9rica 1992. Excma. Diputaci\u00f3n de C\u00f3rdoba. Monteluz. Novela de D. Manuel Pimentel. Cartel, XXXV Festival de Cante Grande. Puente Genil (C\u00f3rdoba). Cartel, XXXVI Festival de Cante Grande. Puente Genil (C\u00f3rdoba). Cartel, XXXVII Festival de Cante Grande. Puente Genil (C\u00f3rdoba). Cartel, XXXVIII Festival de Cante Grande. Puente Genil (C\u00f3rdoba). Cartel, XXXIX Festival de Cante &hellip; Continuar leyendo &quot;ilustraciones&quot;\" \/>\n<meta property=\"og:url\" content=\"https:\/\/www.desideriodelgado.com\/index.php\/ilustraciones\/\" \/>\n<meta property=\"og:site_name\" content=\"Desiderio Delgado\" \/>\n<meta name=\"twitter:card\" content=\"summary_large_image\" \/>\n<script type=\"application\/ld+json\" class=\"yoast-schema-graph\">{\"@context\":\"https:\/\/schema.org\",\"@graph\":[{\"@type\":\"WebPage\",\"@id\":\"https:\/\/www.desideriodelgado.com\/index.php\/ilustraciones\/\",\"url\":\"https:\/\/www.desideriodelgado.com\/index.php\/ilustraciones\/\",\"name\":\"ilustraciones - Desiderio Delgado\",\"isPartOf\":{\"@id\":\"https:\/\/www.desideriodelgado.com\/#website\"},\"datePublished\":\"2017-03-10T09:12:38+00:00\",\"dateModified\":\"2017-03-10T09:12:38+00:00\",\"breadcrumb\":{\"@id\":\"https:\/\/www.desideriodelgado.com\/index.php\/ilustraciones\/#breadcrumb\"},\"inLanguage\":\"es\",\"potentialAction\":[{\"@type\":\"ReadAction\",\"target\":[\"https:\/\/www.desideriodelgado.com\/index.php\/ilustraciones\/\"]}]},{\"@type\":\"BreadcrumbList\",\"@id\":\"https:\/\/www.desideriodelgado.com\/index.php\/ilustraciones\/#breadcrumb\",\"itemListElement\":[{\"@type\":\"ListItem\",\"position\":1,\"name\":\"Portada\",\"item\":\"https:\/\/www.desideriodelgado.com\/\"},{\"@type\":\"ListItem\",\"position\":2,\"name\":\"ilustraciones\"}]},{\"@type\":\"WebSite\",\"@id\":\"https:\/\/www.desideriodelgado.com\/#website\",\"url\":\"https:\/\/www.desideriodelgado.com\/\",\"name\":\"Desiderio Delgado\",\"description\":\"\",\"publisher\":{\"@id\":\"https:\/\/www.desideriodelgado.com\/#organization\"},\"potentialAction\":[{\"@type\":\"SearchAction\",\"target\":{\"@type\":\"EntryPoint\",\"urlTemplate\":\"https:\/\/www.desideriodelgado.com\/?s={search_term_string}\"},\"query-input\":\"required name=search_term_string\"}],\"inLanguage\":\"es\"},{\"@type\":\"Organization\",\"@id\":\"https:\/\/www.desideriodelgado.com\/#organization\",\"name\":\"Desiderio Delgado\",\"url\":\"https:\/\/www.desideriodelgado.com\/\",\"logo\":{\"@type\":\"ImageObject\",\"inLanguage\":\"es\",\"@id\":\"https:\/\/www.desideriodelgado.com\/#\/schema\/logo\/image\/\",\"url\":\"https:\/\/www.desideriodelgado.com\/wp-content\/uploads\/2017\/03\/cropped-DesiCabeceraM.png\",\"contentUrl\":\"https:\/\/www.desideriodelgado.com\/wp-content\/uploads\/2017\/03\/cropped-DesiCabeceraM.png\",\"width\":771,\"height\":250,\"caption\":\"Desiderio Delgado\"},\"image\":{\"@id\":\"https:\/\/www.desideriodelgado.com\/#\/schema\/logo\/image\/\"}}]}<\/script>\n<!-- \/ Yoast SEO plugin. -->","yoast_head_json":{"title":"ilustraciones - Desiderio Delgado","robots":{"index":"index","follow":"follow","max-snippet":"max-snippet:-1","max-image-preview":"max-image-preview:large","max-video-preview":"max-video-preview:-1"},"canonical":"https:\/\/www.desideriodelgado.com\/index.php\/ilustraciones\/","og_locale":"es_ES","og_type":"article","og_title":"ilustraciones - Desiderio Delgado","og_description":"C\u00f3rdoba en Am\u00e9rica 1992. Excma. Diputaci\u00f3n de C\u00f3rdoba. Monteluz. Novela de D. Manuel Pimentel. Cartel, XXXV Festival de Cante Grande. Puente Genil (C\u00f3rdoba). Cartel, XXXVI Festival de Cante Grande. Puente Genil (C\u00f3rdoba). Cartel, XXXVII Festival de Cante Grande. Puente Genil (C\u00f3rdoba). Cartel, XXXVIII Festival de Cante Grande. Puente Genil (C\u00f3rdoba). Cartel, XXXIX Festival de Cante &hellip; Continuar leyendo \"ilustraciones\"","og_url":"https:\/\/www.desideriodelgado.com\/index.php\/ilustraciones\/","og_site_name":"Desiderio Delgado","twitter_card":"summary_large_image","schema":{"@context":"https:\/\/schema.org","@graph":[{"@type":"WebPage","@id":"https:\/\/www.desideriodelgado.com\/index.php\/ilustraciones\/","url":"https:\/\/www.desideriodelgado.com\/index.php\/ilustraciones\/","name":"ilustraciones - Desiderio Delgado","isPartOf":{"@id":"https:\/\/www.desideriodelgado.com\/#website"},"datePublished":"2017-03-10T09:12:38+00:00","dateModified":"2017-03-10T09:12:38+00:00","breadcrumb":{"@id":"https:\/\/www.desideriodelgado.com\/index.php\/ilustraciones\/#breadcrumb"},"inLanguage":"es","potentialAction":[{"@type":"ReadAction","target":["https:\/\/www.desideriodelgado.com\/index.php\/ilustraciones\/"]}]},{"@type":"BreadcrumbList","@id":"https:\/\/www.desideriodelgado.com\/index.php\/ilustraciones\/#breadcrumb","itemListElement":[{"@type":"ListItem","position":1,"name":"Portada","item":"https:\/\/www.desideriodelgado.com\/"},{"@type":"ListItem","position":2,"name":"ilustraciones"}]},{"@type":"WebSite","@id":"https:\/\/www.desideriodelgado.com\/#website","url":"https:\/\/www.desideriodelgado.com\/","name":"Desiderio Delgado","description":"","publisher":{"@id":"https:\/\/www.desideriodelgado.com\/#organization"},"potentialAction":[{"@type":"SearchAction","target":{"@type":"EntryPoint","urlTemplate":"https:\/\/www.desideriodelgado.com\/?s={search_term_string}"},"query-input":"required name=search_term_string"}],"inLanguage":"es"},{"@type":"Organization","@id":"https:\/\/www.desideriodelgado.com\/#organization","name":"Desiderio Delgado","url":"https:\/\/www.desideriodelgado.com\/","logo":{"@type":"ImageObject","inLanguage":"es","@id":"https:\/\/www.desideriodelgado.com\/#\/schema\/logo\/image\/","url":"https:\/\/www.desideriodelgado.com\/wp-content\/uploads\/2017\/03\/cropped-DesiCabeceraM.png","contentUrl":"https:\/\/www.desideriodelgado.com\/wp-content\/uploads\/2017\/03\/cropped-DesiCabeceraM.png","width":771,"height":250,"caption":"Desiderio Delgado"},"image":{"@id":"https:\/\/www.desideriodelgado.com\/#\/schema\/logo\/image\/"}}]}},"_links":{"self":[{"href":"https:\/\/www.desideriodelgado.com\/index.php\/wp-json\/wp\/v2\/pages\/228"}],"collection":[{"href":"https:\/\/www.desideriodelgado.com\/index.php\/wp-json\/wp\/v2\/pages"}],"about":[{"href":"https:\/\/www.desideriodelgado.com\/index.php\/wp-json\/wp\/v2\/types\/page"}],"author":[{"embeddable":true,"href":"https:\/\/www.desideriodelgado.com\/index.php\/wp-json\/wp\/v2\/users\/1"}],"replies":[{"embeddable":true,"href":"https:\/\/www.desideriodelgado.com\/index.php\/wp-json\/wp\/v2\/comments?post=228"}],"version-history":[{"count":2,"href":"https:\/\/www.desideriodelgado.com\/index.php\/wp-json\/wp\/v2\/pages\/228\/revisions"}],"predecessor-version":[{"id":231,"href":"https:\/\/www.desideriodelgado.com\/index.php\/wp-json\/wp\/v2\/pages\/228\/revisions\/231"}],"wp:attachment":[{"href":"https:\/\/www.desideriodelgado.com\/index.php\/wp-json\/wp\/v2\/media?parent=228"}],"curies":[{"name":"wp","href":"https:\/\/api.w.org\/{rel}","templated":true}]}}

<p>Córdoba en América 1992. Excma. Diputación de Córdoba.</p>
<p>Monteluz. Novela de D. Manuel Pimentel.</p>
<p>Cartel, XXXV Festival de Cante Grande. Puente Genil (Córdoba).</p>
<p>Cartel, XXXVI Festival de Cante Grande. Puente Genil (Córdoba).</p>
<p>Cartel, XXXVII Festival de Cante Grande. Puente Genil (Córdoba).</p>
<p>Cartel, XXXVIII Festival de Cante Grande. Puente Genil (Córdoba).</p>
<p>Cartel, XXXIX Festival de Cante Grande. Puente Genil (Córdoba).</p>
<p>Portada Revista Literaria Ánfora Nova “El universo luminoso de Manuel Gahete”.</p>
<p>Cartel, XL Festival del Cante Grande. Puente Genil (Córdoba).</p>

<p>Córdoba en América 1992. Excma. Diputación de Córdoba. Monteluz. Novela de D. Manuel Pimentel. Cartel, XXXV Festival de Cante Grande. Puente Genil (Córdoba). Cartel, XXXVI Festival de Cante Grande. Puente Genil (Córdoba). Cartel, XXXVII Festival de Cante Grande. Puente Genil (Córdoba). Cartel, XXXVIII Festival de Cante Grande. Puente Genil (Córdoba). Cartel, XXXIX Festival de Cante &hellip; </p>
<p class="link-more"><a href="https://www.desideriodelgado.com/index.php/ilustraciones/" class="more-link">Continuar leyendo<span class="screen-reader-text"> «ilustraciones»</span></a></p>

<!-- This site is optimized with the Yoast SEO plugin v20.11 - https://yoast.com/wordpress/plugins/seo/ -->
<title>ilustraciones - Desiderio Delgado</title>
<meta name="robots" content="index, follow, max-snippet:-1, max-image-preview:large, max-video-preview:-1" />
<link rel="canonical" href="https://www.desideriodelgado.com/index.php/ilustraciones/" />
<meta property="og:locale" content="es_ES" />
<meta property="og:type" content="article" />
<meta property="og:title" content="ilustraciones - Desiderio Delgado" />
<meta property="og:description" content="Córdoba en América 1992. Excma. Diputación de Córdoba. Monteluz. Novela de D. Manuel Pimentel. Cartel, XXXV Festival de Cante Grande. Puente Genil (Córdoba). Cartel, XXXVI Festival de Cante Grande. Puente Genil (Córdoba). Cartel, XXXVII Festival de Cante Grande. Puente Genil (Córdoba). Cartel, XXXVIII Festival de Cante Grande. Puente Genil (Córdoba). Cartel, XXXIX Festival de Cante &hellip; Continuar leyendo &quot;ilustraciones&quot;" />
<meta property="og:url" content="https://www.desideriodelgado.com/index.php/ilustraciones/" />
<meta property="og:site_name" content="Desiderio Delgado" />
<meta name="twitter:card" content="summary_large_image" />
<script type="application/ld+json" class="yoast-schema-graph">{"@context":"https://schema.org","@graph":[{"@type":"WebPage","@id":"https://www.desideriodelgado.com/index.php/ilustraciones/","url":"https://www.desideriodelgado.com/index.php/ilustraciones/","name":"ilustraciones - Desiderio Delgado","isPartOf":{"@id":"https://www.desideriodelgado.com/#website"},"datePublished":"2017-03-10T09:12:38+00:00","dateModified":"2017-03-10T09:12:38+00:00","breadcrumb":{"@id":"https://www.desideriodelgado.com/index.php/ilustraciones/#breadcrumb"},"inLanguage":"es","potentialAction":[{"@type":"ReadAction","target":["https://www.desideriodelgado.com/index.php/ilustraciones/"]}]},{"@type":"BreadcrumbList","@id":"https://www.desideriodelgado.com/index.php/ilustraciones/#breadcrumb","itemListElement":[{"@type":"ListItem","position":1,"name":"Portada","item":"https://www.desideriodelgado.com/"},{"@type":"ListItem","position":2,"name":"ilustraciones"}]},{"@type":"WebSite","@id":"https://www.desideriodelgado.com/#website","url":"https://www.desideriodelgado.com/","name":"Desiderio Delgado","description":"","publisher":{"@id":"https://www.desideriodelgado.com/#organization"},"potentialAction":[{"@type":"SearchAction","target":{"@type":"EntryPoint","urlTemplate":"https://www.desideriodelgado.com/?s={search_term_string}"},"query-input":"required name=search_term_string"}],"inLanguage":"es"},{"@type":"Organization","@id":"https://www.desideriodelgado.com/#organization","name":"Desiderio Delgado","url":"https://www.desideriodelgado.com/","logo":{"@type":"ImageObject","inLanguage":"es","@id":"https://www.desideriodelgado.com/#/schema/logo/image/","url":"https://www.desideriodelgado.com/wp-content/uploads/2017/03/cropped-DesiCabeceraM.png","contentUrl":"https://www.desideriodelgado.com/wp-content/uploads/2017/03/cropped-DesiCabeceraM.png","width":771,"height":250,"caption":"Desiderio Delgado"},"image":{"@id":"https://www.desideriodelgado.com/#/schema/logo/image/"}}]}</script>
<!-- / Yoast SEO plugin. -->

Córdoba en América 1992. Excma. Diputación de Córdoba. Monteluz. Novela de D. Manuel Pimentel. Cartel, XXXV Festival de Cante Grande. Puente Genil (Córdoba). Cartel, XXXVI Festival de Cante Grande. Puente Genil (Córdoba). Cartel, XXXVII Festival de Cante Grande. Puente Genil (Córdoba). Cartel, XXXVIII Festival de Cante Grande. Puente Genil (Córdoba). Cartel, XXXIX Festival de Cante &hellip; Continuar leyendo "ilustraciones"
